and c?
3
Suppose -4*i = i - 85. Let w = 43 - i. What is the greatest common divisor of 13 and w?
13
Let s(a) = 6*a - 23. Let q be s(12). What is the greatest common divisor of q and 14?
7
Suppose 3*f + 201 = -5*d, 12 = 3*f + f. Let t = 60 + d. Let j be 1/(-1) - (-45 + -1). What is the highest common divisor of t and j?
9
Let k be (-18)/(-60)*-2 - (-906)/10. What is the highest common divisor of 225 and k?
45
Suppose 3*x - 16 = -n, 2*x = -5*n + 39 - 11. Suppose -x*y + 5 + 11 = 0. Calculate the highest common divisor of 28 and y.
4
Let j(a) = 6*a**2 + 17*a + 11. Let i be j(-9). What is the highest common factor of 43 and i?
43
Let o = 199 - 115. Calculate the highest common factor of o and 12.
12
Let b = 13 + -8. Let y be 4*b/((-15)/(-84)). Calculate the greatest common factor of y and 14.
14
Suppose -p + 21 = -4*i, -4*p - 4*i + i = -46. What is the highest common factor of 104 and p?
13
Let y(i) = 24*i**2 + i - 2. Let u be y(2). Let v = -4 + 16. Calculate the highest common factor of v and u.
12
Let l = 31 + -15. Suppose l = 6*s - 4*s. Calculate the greatest common divisor of s and 40.
8
Suppose -2*s + 10 = -10. Let a = -153 - -243. What is the highest common divisor of a and s?
10
Let r(i) be the first derivative of 0*i**3 + 1/4*i**4 - 5*i - 3 + 1/2*i**2. Let n be r(4). What is the greatest common divisor of n and 9?
9
Let c(d) = d**3 + 11*d**2 - 14*d + 9. Let x be c(-12). Suppose -n = 4*l - 0*l - 26, 4*n - 90 = -2*l. Calculate the highest common factor of n and x.
11
Let a(i) = 12*i + 3 + 3 - 4 - 12*i**2 - 3*i**3 + 4*i**3. Let r be 1/(1 - (-10)/(-11)). Let w be a(r). Calculate the greatest common factor of w and 143.
13
Suppose 0*v = 6*v + 12. Let r = v + 32. Calculate the highest common divisor of 75 and r.
15
Suppose 0*h + h = 45. What is the highest common factor of h and 30?
15
Suppose v - 5*o = -7, 3*o - 25 = -v - 0*o. Calculate the highest common divisor of 117 and v.
13
Let i be ((-2)/(-2))/1 - -54. Let w(j) = j**2 - 8*j + 12. Let z be w(7). What is the highest common factor of i and z?
5
Let g(d) = 7*d - 78. Let u be g(13). What is the highest common factor of 13 and u?
13
Suppose 11*i - 6*i = 900. What is the highest common factor of i and 45?
45
Suppose -9*v = -394 - 182. What is the highest common factor of v and 8?
8
Let f be 2/(-3)*30/(-2). Let j = 4 + -2. Suppose j*y = -y + 90. Calculate the highest common divisor of f and y.
10
Suppose 5*l - 3*x - 48 = 0, -3*l + 17 + 7 = 3*x. What is the highest common divisor of 27 and l?
9
Let i(o) = -o**2 + 19*o - 18. Let x be i(6). What is the highest common divisor of x and 420?
60
Let j(n) = n**3 + n**2 - 1. Let s be j(2). Suppose -5*v - 3*d + 394 = 0, 2*d = -5*v - 3*d + 400. Calculate the highest common factor of v and s.
11
Let i = -72 - -112. What is the highest common factor of i and 60?
20
Suppose 0 = 2*t - 5*z + 6, -2*t + z + 0*z - 6 = 0. Let y = t - -13. Suppose 3*q = 9, q - 29 = -5*f + 24. Calculate the highest common factor of f and y.
10
Let b(c) = c - 9. Let n be b(9). Suppose n = i + i - 24. What is the highest common factor of i and 12?
12
Let o(s) = -2*s**2 - 17*s - 7. Let m(h) = 2*h**2 + 16*h + 7. Let k(c) = 7*m(c) + 6*o(c). Let z be k(-8). Calculate the greatest common divisor of 5 and z.
5
Let o be ((-246)/(-21) - -3) + (-10)/(-35). What is the highest common factor of 75 and o?
15
Let p be 4/(-4*(-5)/100). Calculate the highest common divisor of p and 70.
10
Let r(h) = 8*h**2 + h + 5. Let k be r(0). What is the greatest common factor of 10 and k?
5
Let d be (65/20 - 2)*4. Calculate the highest common divisor of d and 1.
1
Let i = 42 - 38. Calculate the greatest common divisor of i and 28.
4
Suppose 4*q - 3*h = 495, 5*q - 101 - 524 = 5*h. What is the greatest common divisor of q and 15?
15
Suppose 4*j + 2*n = 16, 13 + 1 = 3*j + n. Let w be 36 - 0 - j/(-3). Suppose -w = -q - 5. Calculate the highest common divisor of 3 and q.
3
Suppose 3*q + 100 = 5*j - 172, 2*j = 3*q + 107. Calculate the highest common factor of 5 and j.
5
Let l = -4 + 35. Suppose -10*k + 9*k - 3*q + 31 = 0, 2*k + 2*q - 62 = 0. Calculate the highest common divisor of k and l.
31
Suppose -5 = -3*u + 4*z + 7, u - 2*z = 4. Calculate the highest common divisor of 44 and u.
4
Let f be 2/(-4)*-6 - 2. Suppose -5*y = 5, -y = n + 2*y + f. Let p(h) = h**3 + 7*h**2 + 3*h + 4. Let j be p(-6). What is the greatest common divisor of n and j?
2
Let n(l) = -4*l - 21. Let b be n(-9). Calculate the greatest common divisor of b and 6.
3
Let s = -41 - -77. Suppose -d - 3 = -0, 0 = -4*i - 4*d + s. Let u = -239 - -347. What is the highest common factor of u and i?
12
Let m be (4/8)/(1/6). Let b(c) = 12*c**2 - c - 1. Let u be b(m). Let r be 13 + (0 - (0 - 0)). Calculate the greatest common divisor of u and r.
13
Let h(q) = -q**2 - 21*q - 9. Let k be h(-18). Suppose 3*f - 5*y = 7, -5*y + 22 = 2. What is the highest common factor of f and k?
9
Suppose -2 + 6 = 4*s. Suppose 0 = -r + 5, y - 2*r = -3*r + 7. Calculate the greatest common factor of y and s.
1
Let b(p) = 18*p - 5. Let a be b(5). Suppose -4*f = -8, 2*h + 42 = -4*f + 118. What is the highest common divisor of h and a?
17
Suppose 0 = -3*b + 8*b - 520. Let t(q) = -9*q**2 + 2*q - 1. Let p be t(1). Let z = p + 21. What is the greatest common factor of z and b?
13
Let o be 5 - (-5 - (4 - -1)). What is the greatest common factor of o and 6?
3
Suppose i - 2 = -6. Let q = i - -8. Let y = q + -2. Calculate the greatest common divisor of 6 and y.
2
Suppose 0 = -0*j + 4*j. Let v be 0 + j + -21 + 0. Let a be 7*((-87)/v - -1). What is the highest common divisor of a and 12?
12
Let z be (335/35 - -6) + (-8)/14. Let w be 1*2/2 + -5. Let c = z + w. Calculate the highest common divisor of 1 and c.
1
Let z = 46 - -8. Calculate the highest common divisor of 135 and z.
27
Suppose 5*b + 414 - 10464 = 0. Let c = -1389 + b. Suppose -2*f = f - c. Calculate the highest common divisor of 23 and f.
23
Let n = 12 + -18. Let w = -1 - n. Let y = 9 + w. Calculate the highest common divisor of 42 and y.
14
Let g = 60 - -10. Let l = 12 + -7. Suppose -l*b + 56 = -b. What is the greatest common factor of g and b?
14
Let c(q) = 3*q - 6. Let g(f) = -39*f + 78. Let d(a) = 27*c(a) + 2*g(a). Let i be d(7). Calculate the highest common divisor of i and 3.
3
Suppose 2*m - 3*r = -m + 45, -51 = -3*m + r. Let s be (-5)/(-20) + (-23)/(-4). Calculate the highest common factor of m and s.
6
Let h = 61 - 48. Calculate the greatest common divisor of h and 91.
13
Let k be (-1)/(1 + (-48)/44). Suppose 2*i - i = k. What is the greatest common divisor of i and 99?
11
Suppose -3*h + 71 = -43. What is the highest common divisor of h and 76?
38
Suppose -4*f - 330 = f. Let i = -30 - f. What is the highest common factor of i and 4?
4
Let p(b) = b**2 + 2*b + 1. Let g be p(-3). Let q(t) = t**3 + t**2 - t + 1. Let m be q(0). Suppose -5 = -v - m. What is the greatest common divisor of g and v?
4
Suppose 5*d = d + 8. Let a(c) = -2 + c**d + 9*c + 3 + 11. Let u be a(-8). Calculate the highest common divisor of u and 2.
2
Let q(u) = 5*u**2 - 2*u + 5. Let a be q(4). Let w be 1 + 1 - 35/(-7). Calculate the greatest common divisor of a and w.
7
Suppose -3*r + 0*h - h = -119, -4*r + 164 = 4*h. Calculate the highest common divisor of 52 and r.
13
Suppose 4*y = 4*p + 68, -p + 1 + 3 = 0. What is the greatest common factor of y and 3?
3
Let j = 16 + 14. Suppose j + 0 = 5*f. Suppose -y - 3*o = -f*y + 61, -4*y = -5*o - 54. Calculate the highest common factor of 11 and y.
11
Let t = -8 - -3. Let p be t/(36/(-34) + 1). What is the greatest common factor of 34 and p?
17
Let z be (-4)/(-14) - (-8)/(-28). Suppose -4*a + 36 = -z*a. Calculate the highest common divisor of a and 9.
9
Suppose -5*s = -77 - 48. What is the greatest common factor of s and 200?
25
Let y = 296 - 50. Suppose -y = -3*g - 5*s, -3 + 0 = -s. Let m(i) = -10*i**3 - 2*i - 1. Let r be m(-1). Calculate the highest common factor of r and g.
11
Let j be (0 + 2)/(2/(-5)). Let z = 4 + j. Let f be (3*2)/z*-1. Calculate the highest common divisor of 54 and f.
6
Let q(m) = -9*m - 61. Let d be q(-9). Calculate the greatest common factor of d and 5.
5
Let v be 2/(-11) + (-222)/(-11) + -3. Calculate the greatest common divisor of 34 and v.
17
Suppose -54 = -4*o + 66. Calculate the highest co